{"id":494,"date":"2023-09-26T16:40:52","date_gmt":"2023-09-26T16:40:52","guid":{"rendered":"https:\/\/www.alveria.it\/?page_id=494"},"modified":"2024-05-19T11:37:30","modified_gmt":"2024-05-19T11:37:30","slug":"busqueda-de-directivos","status":"publish","type":"page","link":"https:\/\/www.alveria.it\/espanol\/consulenza\/executive-search\/","title":{"rendered":"B\u00daSQUEDA DE DIRECTIVOS"},"content":{"rendered":"<p class=\"title\">ALVERIA, SU SOCIO CUALIFICADO PARA LA B\u00daSQUEDA Y SELECCI\u00d3N DE DIRECTIVOS<\/p>\n<p style=\"text-align: center;\">En un entorno de mercado caracterizado por el cambio constante, un l\u00edder competente y con experiencia en su mercado objetivo es uno de los factores m\u00e1s relevantes en la gesti\u00f3n del capital organizativo de una empresa. <strong>Los directivos son un activo estrat\u00e9gico para el futuro de su empresa.<\/strong><\/p>\n<p style=\"text-align: center;\">Alveria trabaja junto a las empresas y los altos directivos para encontrar una soluci\u00f3n que se ajuste a las aspiraciones de ambas partes implicadas. Adoptando el enfoque de\u00a0<strong>Adecuaci\u00f3n persona-organizaci\u00f3n<\/strong>\u00a0(ajuste P-O), pretendemos satisfacer la necesidad de investigaci\u00f3n\u00a0<strong>en su singularidad:\u00a0<\/strong>identificando, eso es,\u00a0<strong>la mejor compatibilidad<\/strong>\u00a0entre las caracter\u00edsticas de la empresa y el perfil del candidato.<\/p>\n<h3 class=\"title\">PROFESIONALIDAD Y MEJORA DEL POTENCIAL PROFESIONAL<\/h3>\n<p style=\"text-align: center;\" class=\"translation-block\">Alveria ofrece un servicio de <strong>B\u00fasqueda de Ejecutivos<\/em><\/strong> caracterizado por:<\/p>\n<p>Un equipo de socios y consultores especializadosExperiencia en varios sectores empresarialesUna red nacional y varios contactos en el extranjero con empresas asociadasLa b\u00fasqueda de los mejores del mercado para la empresa clientePlazos cortos: en poco tiempo proporcionamos una preselecci\u00f3n inicial de tres candidatos que cumplen los requisitos del perfil definido.<\/p>\n<h3>NUESTRO MODELO<\/h3>\n<h4 class=\"title\">DEFINICI\u00d3N DE INVESTIGACI\u00d3N<\/h4>\n<h4 class=\"title\">DETERMINAR LA ESTRATEGIA DE B\u00daSQUEDA<\/h4>\n<h4 class=\"title\">B\u00daSQUEDA DE CANDIDATOS ACTIVOS Y PASIVOS<\/h4>\n<h4 class=\"title\">PRESENTACI\u00d3N DE LOS MEJORES PERFILES DEL MERCADO<\/h4>\n<h3 style=\"color: #ffffff; margin: 0px;\">LE PUEDE INTERESAR<\/h3>\n<ul class=\"mfn-list mfn-list-left mfn-list-middle\">\n<li class=\"mfn-list-item\" style=\"counter-set: my-sec-counter 0;\"><span class=\"mfn-list-desc\"><a href=\"https:\/\/www.hcms.it\/e-recruiting\/\">E-RECRUTING<\/a><\/span><\/li>\n<li class=\"mfn-list-item\"><span class=\"mfn-list-desc\"><a href=\"https:\/\/www.hcms.it\/i-recruiting\/\">I-RECARGA<\/a><\/span><\/li>\n<\/ul>\n<p class=\"title\">CONSULTOR\u00cdA, FORMACI\u00d3N EN DIGITALIZACI\u00d3N DE HR Y SOLUCIONES EMPRESARIALES DESCUBRA EL M\u00c9TODO ALVERIA Y PREP\u00c1RESE PARA EL CAMBIO.<\/p>\n<p><a class=\"button  button_size_2 button_dark\" title=\"\" href=\"\/espanol\/contactos\/\"><span class=\"button_label\">SOLICITAR M\u00c1S INFORMACI\u00d3N<\/span><\/a><\/p>","protected":false},"excerpt":{"rendered":"<p>ALVERIA, IL TUO PARTNER QUALIFICATO PER LA EXECUTIVE SEARCH, LA RICERCA E SELEZIONE DI PROFILI DIRIGENZIALI In un contesto di mercato caratterizzato da un continuo cambiamento,<span class=\"excerpt-hellip\"> [\u2026]<\/span><\/p>\n","protected":false},"author":3,"featured_media":680,"parent":125,"menu_order":0,"comment_status":"open","ping_status":"closed","template":"","meta":{"iawp_total_views":18,"footnotes":""},"class_list":["post-494","page","type-page","status-publish","has-post-thumbnail","hentry"],"yoast_head":"<!-- This site is optimized with the Yoast SEO plugin v27.5 - https:\/\/yoast.com\/product\/yoast-seo-wordpress\/ -->\n<title>EXECUTIVE SEARCH<\/title>\n<meta name=\"description\" content=\"ALVERIA, IL TUO PARTNER QUALIFICATO PER LA EXECUTIVE SEARCH, LA RICERCA E SELEZIONE DI PROFILI DIRIGENZIALI In un contesto di mercato caratterizzato da un\" \/>\n<meta name=\"robots\" content=\"index, follow, max-snippet:-1, max-image-preview:large, max-video-preview:-1\" \/>\n<link rel=\"canonical\" href=\"https:\/\/www.alveria.it\/espanol\/consultoria\/busqueda-de-directivos\/\" \/>\n<meta property=\"og:locale\" content=\"es_ES\" \/>\n<meta property=\"og:type\" content=\"article\" \/>\n<meta property=\"og:title\" content=\"EXECUTIVE SEARCH\" \/>\n<meta property=\"og:description\" content=\"ALVERIA, IL TUO PARTNER QUALIFICATO PER LA EXECUTIVE SEARCH, LA RICERCA E SELEZIONE DI PROFILI DIRIGENZIALI In un contesto di mercato caratterizzato da un\" \/>\n<meta property=\"og:url\" content=\"https:\/\/www.alveria.it\/espanol\/consultoria\/busqueda-de-directivos\/\" \/>\n<meta property=\"og:site_name\" content=\"Alveria - Consulting, Training and Solutions\" \/>\n<meta property=\"article:modified_time\" content=\"2024-05-19T11:37:30+00:00\" \/>\n<meta property=\"og:image\" content=\"https:\/\/www.alveria.it\/wp-content\/uploads\/2023\/09\/executive-search-3.jpg\" \/>\n\t<meta property=\"og:image:width\" content=\"1920\" \/>\n\t<meta property=\"og:image:height\" content=\"1035\" \/>\n\t<meta property=\"og:image:type\" content=\"image\/jpeg\" \/>\n<meta name=\"twitter:card\" content=\"summary_large_image\" \/>\n<meta name=\"twitter:label1\" content=\"Tiempo de lectura\" \/>\n\t<meta name=\"twitter:data1\" content=\"2 minutos\" \/>\n<script type=\"application\/ld+json\" class=\"yoast-schema-graph\">{\"@context\":\"https:\\\/\\\/schema.org\",\"@graph\":[{\"@type\":\"WebPage\",\"@id\":\"https:\\\/\\\/www.alveria.it\\\/consulenza\\\/executive-search\\\/\",\"url\":\"https:\\\/\\\/www.alveria.it\\\/consulenza\\\/executive-search\\\/\",\"name\":\"EXECUTIVE SEARCH\",\"isPartOf\":{\"@id\":\"https:\\\/\\\/www.alveria.it\\\/#website\"},\"primaryImageOfPage\":{\"@id\":\"https:\\\/\\\/www.alveria.it\\\/consulenza\\\/executive-search\\\/#primaryimage\"},\"image\":{\"@id\":\"https:\\\/\\\/www.alveria.it\\\/consulenza\\\/executive-search\\\/#primaryimage\"},\"thumbnailUrl\":\"https:\\\/\\\/www.alveria.it\\\/wp-content\\\/uploads\\\/2023\\\/09\\\/executive-search-3.jpg\",\"datePublished\":\"2023-09-26T16:40:52+00:00\",\"dateModified\":\"2024-05-19T11:37:30+00:00\",\"description\":\"ALVERIA, IL TUO PARTNER QUALIFICATO PER LA EXECUTIVE SEARCH, LA RICERCA E SELEZIONE DI PROFILI DIRIGENZIALI In un contesto di mercato caratterizzato da un\",\"breadcrumb\":{\"@id\":\"https:\\\/\\\/www.alveria.it\\\/consulenza\\\/executive-search\\\/#breadcrumb\"},\"inLanguage\":\"es\",\"potentialAction\":[{\"@type\":\"ReadAction\",\"target\":[\"https:\\\/\\\/www.alveria.it\\\/consulenza\\\/executive-search\\\/\"]}]},{\"@type\":\"ImageObject\",\"inLanguage\":\"es\",\"@id\":\"https:\\\/\\\/www.alveria.it\\\/consulenza\\\/executive-search\\\/#primaryimage\",\"url\":\"https:\\\/\\\/www.alveria.it\\\/wp-content\\\/uploads\\\/2023\\\/09\\\/executive-search-3.jpg\",\"contentUrl\":\"https:\\\/\\\/www.alveria.it\\\/wp-content\\\/uploads\\\/2023\\\/09\\\/executive-search-3.jpg\",\"width\":1920,\"height\":1035},{\"@type\":\"BreadcrumbList\",\"@id\":\"https:\\\/\\\/www.alveria.it\\\/consulenza\\\/executive-search\\\/#breadcrumb\",\"itemListElement\":[{\"@type\":\"ListItem\",\"position\":1,\"name\":\"Home\",\"item\":\"https:\\\/\\\/www.alveria.it\\\/\"},{\"@type\":\"ListItem\",\"position\":2,\"name\":\"CONSULENZA\",\"item\":\"https:\\\/\\\/www.alveria.it\\\/consulenza\\\/\"},{\"@type\":\"ListItem\",\"position\":3,\"name\":\"EXECUTIVE SEARCH\"}]},{\"@type\":\"WebSite\",\"@id\":\"https:\\\/\\\/www.alveria.it\\\/#website\",\"url\":\"https:\\\/\\\/www.alveria.it\\\/\",\"name\":\"Alveria - Consulting, Training and Solutions\",\"description\":\"Alveria - Consulting, Training and Solutions\",\"publisher\":{\"@id\":\"https:\\\/\\\/www.alveria.it\\\/#organization\"},\"potentialAction\":[{\"@type\":\"SearchAction\",\"target\":{\"@type\":\"EntryPoint\",\"urlTemplate\":\"https:\\\/\\\/www.alveria.it\\\/?s={search_term_string}\"},\"query-input\":{\"@type\":\"PropertyValueSpecification\",\"valueRequired\":true,\"valueName\":\"search_term_string\"}}],\"inLanguage\":\"es\"},{\"@type\":\"Organization\",\"@id\":\"https:\\\/\\\/www.alveria.it\\\/#organization\",\"name\":\"Alveria - Consulting, Training and Solutions\",\"url\":\"https:\\\/\\\/www.alveria.it\\\/\",\"logo\":{\"@type\":\"ImageObject\",\"inLanguage\":\"es\",\"@id\":\"https:\\\/\\\/www.alveria.it\\\/#\\\/schema\\\/logo\\\/image\\\/\",\"url\":\"https:\\\/\\\/www.alveria.it\\\/wp-content\\\/uploads\\\/2023\\\/12\\\/logo_alveria_normal.svg\",\"contentUrl\":\"https:\\\/\\\/www.alveria.it\\\/wp-content\\\/uploads\\\/2023\\\/12\\\/logo_alveria_normal.svg\",\"caption\":\"Alveria - Consulting, Training and Solutions\"},\"image\":{\"@id\":\"https:\\\/\\\/www.alveria.it\\\/#\\\/schema\\\/logo\\\/image\\\/\"}}]}<\/script>\n<!-- \/ Yoast SEO plugin. -->","yoast_head_json":{"title":"B\u00daSQUEDA DE DIRECTIVOS","description":"ALVERIA, SU SOCIO CALIFICADO PARA LA B\u00daSQUEDA DE EJECUTIVOS, LA INVESTIGACI\u00d3N Y LA SELECCI\u00d3N DE PERFILES EJECUTIVOS En un contexto de mercado caracterizado por un","robots":{"index":"index","follow":"follow","max-snippet":"max-snippet:-1","max-image-preview":"max-image-preview:large","max-video-preview":"max-video-preview:-1"},"canonical":"https:\/\/www.alveria.it\/espanol\/consultoria\/busqueda-de-directivos\/","og_locale":"es_ES","og_type":"article","og_title":"EXECUTIVE SEARCH","og_description":"ALVERIA, IL TUO PARTNER QUALIFICATO PER LA EXECUTIVE SEARCH, LA RICERCA E SELEZIONE DI PROFILI DIRIGENZIALI In un contesto di mercato caratterizzato da un","og_url":"https:\/\/www.alveria.it\/espanol\/consultoria\/busqueda-de-directivos\/","og_site_name":"Alveria - Consulting, Training and Solutions","article_modified_time":"2024-05-19T11:37:30+00:00","og_image":[{"width":1920,"height":1035,"url":"https:\/\/www.alveria.it\/wp-content\/uploads\/2023\/09\/executive-search-3.jpg","type":"image\/jpeg"}],"twitter_card":"summary_large_image","twitter_misc":{"Tiempo de lectura":"2 minutos"},"schema":{"@context":"https:\/\/schema.org","@graph":[{"@type":"WebPage","@id":"https:\/\/www.alveria.it\/consulenza\/executive-search\/","url":"https:\/\/www.alveria.it\/consulenza\/executive-search\/","name":"B\u00daSQUEDA DE DIRECTIVOS","isPartOf":{"@id":"https:\/\/www.alveria.it\/#website"},"primaryImageOfPage":{"@id":"https:\/\/www.alveria.it\/consulenza\/executive-search\/#primaryimage"},"image":{"@id":"https:\/\/www.alveria.it\/consulenza\/executive-search\/#primaryimage"},"thumbnailUrl":"https:\/\/www.alveria.it\/wp-content\/uploads\/2023\/09\/executive-search-3.jpg","datePublished":"2023-09-26T16:40:52+00:00","dateModified":"2024-05-19T11:37:30+00:00","description":"ALVERIA, SU SOCIO CALIFICADO PARA LA B\u00daSQUEDA DE EJECUTIVOS, LA INVESTIGACI\u00d3N Y LA SELECCI\u00d3N DE PERFILES EJECUTIVOS En un contexto de mercado caracterizado por un","breadcrumb":{"@id":"https:\/\/www.alveria.it\/consulenza\/executive-search\/#breadcrumb"},"inLanguage":"es","potentialAction":[{"@type":"ReadAction","target":["https:\/\/www.alveria.it\/consulenza\/executive-search\/"]}]},{"@type":"ImageObject","inLanguage":"es","@id":"https:\/\/www.alveria.it\/consulenza\/executive-search\/#primaryimage","url":"https:\/\/www.alveria.it\/wp-content\/uploads\/2023\/09\/executive-search-3.jpg","contentUrl":"https:\/\/www.alveria.it\/wp-content\/uploads\/2023\/09\/executive-search-3.jpg","width":1920,"height":1035},{"@type":"BreadcrumbList","@id":"https:\/\/www.alveria.it\/consulenza\/executive-search\/#breadcrumb","itemListElement":[{"@type":"ListItem","position":1,"name":"Home","item":"https:\/\/www.alveria.it\/"},{"@type":"ListItem","position":2,"name":"CONSULENZA","item":"https:\/\/www.alveria.it\/consulenza\/"},{"@type":"ListItem","position":3,"name":"EXECUTIVE SEARCH"}]},{"@type":"WebSite","@id":"https:\/\/www.alveria.it\/#website","url":"https:\/\/www.alveria.it\/","name":"Alveria - Consultor\u00eda, formaci\u00f3n y soluciones","description":"Alveria - Consultor\u00eda, formaci\u00f3n y soluciones","publisher":{"@id":"https:\/\/www.alveria.it\/#organization"},"potentialAction":[{"@type":"SearchAction","target":{"@type":"EntryPoint","urlTemplate":"https:\/\/www.alveria.it\/?s={search_term_string}"},"query-input":{"@type":"PropertyValueSpecification","valueRequired":true,"valueName":"search_term_string"}}],"inLanguage":"es"},{"@type":"Organization","@id":"https:\/\/www.alveria.it\/#organization","name":"Alveria - Consultor\u00eda, formaci\u00f3n y soluciones","url":"https:\/\/www.alveria.it\/","logo":{"@type":"ImageObject","inLanguage":"es","@id":"https:\/\/www.alveria.it\/#\/schema\/logo\/image\/","url":"https:\/\/www.alveria.it\/wp-content\/uploads\/2023\/12\/logo_alveria_normal.svg","contentUrl":"https:\/\/www.alveria.it\/wp-content\/uploads\/2023\/12\/logo_alveria_normal.svg","caption":"Alveria - Consulting, Training and Solutions"},"image":{"@id":"https:\/\/www.alveria.it\/#\/schema\/logo\/image\/"}}]}},"_links":{"self":[{"href":"https:\/\/www.alveria.it\/espanol\/wp-json\/wp\/v2\/pages\/494","targetHints":{"allow":["GET"]}}],"collection":[{"href":"https:\/\/www.alveria.it\/espanol\/wp-json\/wp\/v2\/pages"}],"about":[{"href":"https:\/\/www.alveria.it\/espanol\/wp-json\/wp\/v2\/types\/page"}],"author":[{"embeddable":true,"href":"https:\/\/www.alveria.it\/espanol\/wp-json\/wp\/v2\/users\/3"}],"replies":[{"embeddable":true,"href":"https:\/\/www.alveria.it\/espanol\/wp-json\/wp\/v2\/comments?post=494"}],"version-history":[{"count":3,"href":"https:\/\/www.alveria.it\/espanol\/wp-json\/wp\/v2\/pages\/494\/revisions"}],"predecessor-version":[{"id":2121,"href":"https:\/\/www.alveria.it\/espanol\/wp-json\/wp\/v2\/pages\/494\/revisions\/2121"}],"up":[{"embeddable":true,"href":"https:\/\/www.alveria.it\/espanol\/wp-json\/wp\/v2\/pages\/125"}],"wp:featuredmedia":[{"embeddable":true,"href":"https:\/\/www.alveria.it\/espanol\/wp-json\/wp\/v2\/media\/680"}],"wp:attachment":[{"href":"https:\/\/www.alveria.it\/espanol\/wp-json\/wp\/v2\/media?parent=494"}],"curies":[{"name":"wp","href":"https:\/\/api.w.org\/{rel}","templated":true}]}}