{"id":16,"date":"2018-12-27T12:25:10","date_gmt":"2018-12-27T12:25:10","guid":{"rendered":"https:\/\/www.alveria.it\/?page_id=16"},"modified":"2024-05-20T15:04:48","modified_gmt":"2024-05-20T15:04:48","slug":"contactos","status":"publish","type":"page","link":"https:\/\/www.alveria.it\/espanol\/contactos\/","title":{"rendered":"CONTACTOS"},"content":{"rendered":"<p>P\u00f3ngase en contacto con<\/p>\n<h2 class=\"title\">CONTACTE CON NOSOTROS ESTAMOS A SU DISPOSICI\u00d3N<\/h2>\n<p>\u00bfBusca m\u00e1s informaci\u00f3n y desea saber m\u00e1s sobre nuestros productos?<\/p>\n<p><img loading=\"lazy\" decoding=\"async\" class=\"scale-with-grid alignnone\" src=\"https:\/\/www.alveria.it\/wp-content\/uploads\/2023\/10\/alveria-call-center-2023.png\" sizes=\"auto, (max-width:767px) 400px, 400px\" srcset=\"https:\/\/www.alveria.it\/wp-content\/uploads\/2023\/10\/alveria-call-center-2023.png 400w, https:\/\/www.alveria.it\/wp-content\/uploads\/2023\/10\/alveria-call-center-2023-240x300.png 240w, https:\/\/www.alveria.it\/wp-content\/uploads\/2023\/10\/alveria-call-center-2023-10x12.png 10w, https:\/\/www.alveria.it\/wp-content\/uploads\/2023\/10\/alveria-call-center-2023-60x75.png 60w\" alt=\"contactos\" width=\"400\" height=\"500\" \/><\/p>\n<h2 class=\"themecolor\">CONTACTOS: D\u00d3NDE ENCONTRARNOS<\/h2>\n<p>SEDE CENTRAL:<\/p>\n<p>Via Emanuele Gianturco, 4Roma, 00196 - RM<\/p>\n<p><a href=\"tel:+390694359406\">+39 06 94 35 94 06<\/a><\/p>\n<p><a href=\"mailto:info@alveria.it\">info@alveria.it<\/a><\/p>\n<p>LUNES - VIERNES: 09:00 - 18:00<\/p>\n<p><a href=\"https:\/\/www.linkedin.com\/company\/alveria\/mycompany\/\" target=\"_blank\" rel=\"noopener\">S\u00cdGANOS TAMBI\u00c9N EN LINKEDIN<\/a><\/p>\n<p><img loading=\"lazy\" decoding=\"async\" class=\"wpcf7-form-control wpcf7-captchac wpcf7-captcha-captcha-1\" src=\"https:\/\/www.alveria.it\/wp-content\/uploads\/wpcf7_captcha\/4230902639.png\" alt=\"captcha\" width=\"72\" height=\"24\" \/><\/p>\n<p><span class=\"wpcf7-form-control-wrap\" data-name=\"acceptance-421\"><span class=\"wpcf7-form-control wpcf7-acceptance\"><span class=\"wpcf7-list-item\"><span class=\"wpcf7-list-item-label\">Al compartir su informaci\u00f3n de contacto con nosotros, usted acepta ser contactado por el <a href=\"https:\/\/www.alveria.it\/espanol\/quienes-somos\/\">Equipo Alveria<\/a>. Sus datos de contacto no se compartir\u00e1n con terceros. Todas las consultas son gratuitas y no vinculantes. M\u00e1s informaci\u00f3n sobre nuestra pol\u00edtica de privacidad.<\/span><\/span><\/span><\/span><\/p>\n<h1 class=\"themecolor\">CONTACTOS: D\u00d3NDE ENCONTRARNOS<\/h1>\n<p>SEDE CENTRAL:<\/p>\n<p>Via Emanuele Gianturco, 4Roma, 00196 - RM<\/p>\n<p><a href=\"tel:+390694359402\">+39 06 94 35 94 0<\/a>6<\/p>\n<p><a href=\"mailto:info@alveria.it\">info@alveria.it<\/a><\/p>\n<p>LUNES - VIERNES: 09:00 - 18:00<\/p>\n<p><a href=\"https:\/\/www.linkedin.com\/company\/alveria\/mycompany\/\" target=\"_blank\" rel=\"noopener\">S\u00cdGANOS TAMBI\u00c9N EN LINKEDIN<\/a><\/p>","protected":false},"excerpt":{"rendered":"<p>Contatti CONTATTACI SIAMO A TUA DISPOSIZIONE Sei in cerca di maggiori informazioni e vuoi saperne di pi\u00f9 in merito ai nostri prodotti? CONTATTI: DOVE PUOI TROVARCI<span class=\"excerpt-hellip\"> [...]<\/span><\/p>","protected":false},"author":4,"featured_media":276,"parent":0,"menu_order":0,"comment_status":"open","ping_status":"closed","template":"","meta":{"iawp_total_views":2066,"footnotes":""},"class_list":["post-16","page","type-page","status-publish","has-post-thumbnail","hentry"],"yoast_head":"<!-- This site is optimized with the Yoast SEO plugin v25.1 - https:\/\/yoast.com\/wordpress\/plugins\/seo\/ -->\n<title>CONTATTI<\/title>\n<meta name=\"description\" content=\"Contatti: Alveria \u00e8 sempre pronta ad assisterti con le tue esigenze di consulenza, formazione e digitalizzazione HR.\" \/>\n<meta name=\"robots\" content=\"index, follow, max-snippet:-1, max-image-preview:large, max-video-preview:-1\" \/>\n<link rel=\"canonical\" href=\"https:\/\/www.alveria.it\/espanol\/contactos\/\" \/>\n<meta property=\"og:locale\" content=\"es_ES\" \/>\n<meta property=\"og:type\" content=\"article\" \/>\n<meta property=\"og:title\" content=\"CONTATTI\" \/>\n<meta property=\"og:description\" content=\"Contatti: Alveria \u00e8 sempre pronta ad assisterti con le tue esigenze di consulenza, formazione e digitalizzazione HR.\" \/>\n<meta property=\"og:url\" content=\"https:\/\/www.alveria.it\/espanol\/contactos\/\" \/>\n<meta property=\"og:site_name\" content=\"Alveria - Consulting, Training and Solutions\" \/>\n<meta property=\"article:modified_time\" content=\"2024-05-20T15:04:48+00:00\" \/>\n<meta property=\"og:image\" content=\"https:\/\/www.alveria.it\/wp-content\/uploads\/2023\/09\/contatti.jpg\" \/>\n\t<meta property=\"og:image:width\" content=\"1920\" \/>\n\t<meta property=\"og:image:height\" content=\"1080\" \/>\n\t<meta property=\"og:image:type\" content=\"image\/jpeg\" \/>\n<meta name=\"twitter:card\" content=\"summary_large_image\" \/>\n<meta name=\"twitter:label1\" content=\"Tiempo de lectura\" \/>\n\t<meta name=\"twitter:data1\" content=\"2 minutos\" \/>\n<script type=\"application\/ld+json\" class=\"yoast-schema-graph\">{\"@context\":\"https:\/\/schema.org\",\"@graph\":[{\"@type\":\"WebPage\",\"@id\":\"https:\/\/www.alveria.it\/contatti\/\",\"url\":\"https:\/\/www.alveria.it\/contatti\/\",\"name\":\"CONTATTI\",\"isPartOf\":{\"@id\":\"https:\/\/www.alveria.it\/#website\"},\"primaryImageOfPage\":{\"@id\":\"https:\/\/www.alveria.it\/contatti\/#primaryimage\"},\"image\":{\"@id\":\"https:\/\/www.alveria.it\/contatti\/#primaryimage\"},\"thumbnailUrl\":\"https:\/\/www.alveria.it\/wp-content\/uploads\/2023\/09\/contatti.jpg\",\"datePublished\":\"2018-12-27T12:25:10+00:00\",\"dateModified\":\"2024-05-20T15:04:48+00:00\",\"description\":\"Contatti: Alveria \u00e8 sempre pronta ad assisterti con le tue esigenze di consulenza, formazione e digitalizzazione HR.\",\"breadcrumb\":{\"@id\":\"https:\/\/www.alveria.it\/contatti\/#breadcrumb\"},\"inLanguage\":\"es\",\"potentialAction\":[{\"@type\":\"ReadAction\",\"target\":[\"https:\/\/www.alveria.it\/contatti\/\"]}]},{\"@type\":\"ImageObject\",\"inLanguage\":\"es\",\"@id\":\"https:\/\/www.alveria.it\/contatti\/#primaryimage\",\"url\":\"https:\/\/www.alveria.it\/wp-content\/uploads\/2023\/09\/contatti.jpg\",\"contentUrl\":\"https:\/\/www.alveria.it\/wp-content\/uploads\/2023\/09\/contatti.jpg\",\"width\":1920,\"height\":1080},{\"@type\":\"BreadcrumbList\",\"@id\":\"https:\/\/www.alveria.it\/contatti\/#breadcrumb\",\"itemListElement\":[{\"@type\":\"ListItem\",\"position\":1,\"name\":\"Home\",\"item\":\"https:\/\/www.alveria.it\/\"},{\"@type\":\"ListItem\",\"position\":2,\"name\":\"CONTATTI\"}]},{\"@type\":\"WebSite\",\"@id\":\"https:\/\/www.alveria.it\/#website\",\"url\":\"https:\/\/www.alveria.it\/\",\"name\":\"Alveria - Consulting, Training and Solutions\",\"description\":\"Alveria - Consulting, Training and Solutions\",\"publisher\":{\"@id\":\"https:\/\/www.alveria.it\/#organization\"},\"potentialAction\":[{\"@type\":\"SearchAction\",\"target\":{\"@type\":\"EntryPoint\",\"urlTemplate\":\"https:\/\/www.alveria.it\/?s={search_term_string}\"},\"query-input\":{\"@type\":\"PropertyValueSpecification\",\"valueRequired\":true,\"valueName\":\"search_term_string\"}}],\"inLanguage\":\"es\"},{\"@type\":\"Organization\",\"@id\":\"https:\/\/www.alveria.it\/#organization\",\"name\":\"Alveria - Consulting, Training and Solutions\",\"url\":\"https:\/\/www.alveria.it\/\",\"logo\":{\"@type\":\"ImageObject\",\"inLanguage\":\"es\",\"@id\":\"https:\/\/www.alveria.it\/#\/schema\/logo\/image\/\",\"url\":\"https:\/\/www.alveria.it\/wp-content\/uploads\/2023\/12\/logo_alveria_normal.svg\",\"contentUrl\":\"https:\/\/www.alveria.it\/wp-content\/uploads\/2023\/12\/logo_alveria_normal.svg\",\"caption\":\"Alveria - Consulting, Training and Solutions\"},\"image\":{\"@id\":\"https:\/\/www.alveria.it\/#\/schema\/logo\/image\/\"}}]}<\/script>\n<!-- \/ Yoast SEO plugin. -->","yoast_head_json":{"title":"CONTATTI","description":"Contatti: Alveria \u00e8 sempre pronta ad assisterti con le tue esigenze di consulenza, formazione e digitalizzazione HR.","robots":{"index":"index","follow":"follow","max-snippet":"max-snippet:-1","max-image-preview":"max-image-preview:large","max-video-preview":"max-video-preview:-1"},"canonical":"https:\/\/www.alveria.it\/espanol\/contactos\/","og_locale":"es_ES","og_type":"article","og_title":"CONTATTI","og_description":"Contatti: Alveria \u00e8 sempre pronta ad assisterti con le tue esigenze di consulenza, formazione e digitalizzazione HR.","og_url":"https:\/\/www.alveria.it\/espanol\/contactos\/","og_site_name":"Alveria - Consulting, Training and Solutions","article_modified_time":"2024-05-20T15:04:48+00:00","og_image":[{"width":1920,"height":1080,"url":"https:\/\/www.alveria.it\/wp-content\/uploads\/2023\/09\/contatti.jpg","type":"image\/jpeg"}],"twitter_card":"summary_large_image","twitter_misc":{"Tiempo de lectura":"2 minutos"},"schema":{"@context":"https:\/\/schema.org","@graph":[{"@type":"WebPage","@id":"https:\/\/www.alveria.it\/contatti\/","url":"https:\/\/www.alveria.it\/contatti\/","name":"CONTATTI","isPartOf":{"@id":"https:\/\/www.alveria.it\/#website"},"primaryImageOfPage":{"@id":"https:\/\/www.alveria.it\/contatti\/#primaryimage"},"image":{"@id":"https:\/\/www.alveria.it\/contatti\/#primaryimage"},"thumbnailUrl":"https:\/\/www.alveria.it\/wp-content\/uploads\/2023\/09\/contatti.jpg","datePublished":"2018-12-27T12:25:10+00:00","dateModified":"2024-05-20T15:04:48+00:00","description":"Contatti: Alveria \u00e8 sempre pronta ad assisterti con le tue esigenze di consulenza, formazione e digitalizzazione HR.","breadcrumb":{"@id":"https:\/\/www.alveria.it\/contatti\/#breadcrumb"},"inLanguage":"es","potentialAction":[{"@type":"ReadAction","target":["https:\/\/www.alveria.it\/contatti\/"]}]},{"@type":"ImageObject","inLanguage":"es","@id":"https:\/\/www.alveria.it\/contatti\/#primaryimage","url":"https:\/\/www.alveria.it\/wp-content\/uploads\/2023\/09\/contatti.jpg","contentUrl":"https:\/\/www.alveria.it\/wp-content\/uploads\/2023\/09\/contatti.jpg","width":1920,"height":1080},{"@type":"BreadcrumbList","@id":"https:\/\/www.alveria.it\/contatti\/#breadcrumb","itemListElement":[{"@type":"ListItem","position":1,"name":"Home","item":"https:\/\/www.alveria.it\/"},{"@type":"ListItem","position":2,"name":"CONTATTI"}]},{"@type":"WebSite","@id":"https:\/\/www.alveria.it\/#website","url":"https:\/\/www.alveria.it\/","name":"Alveria - Consulting, Training and Solutions","description":"Alveria - Consulting, Training and Solutions","publisher":{"@id":"https:\/\/www.alveria.it\/#organization"},"potentialAction":[{"@type":"SearchAction","target":{"@type":"EntryPoint","urlTemplate":"https:\/\/www.alveria.it\/?s={search_term_string}"},"query-input":{"@type":"PropertyValueSpecification","valueRequired":true,"valueName":"search_term_string"}}],"inLanguage":"es"},{"@type":"Organization","@id":"https:\/\/www.alveria.it\/#organization","name":"Alveria - Consulting, Training and Solutions","url":"https:\/\/www.alveria.it\/","logo":{"@type":"ImageObject","inLanguage":"es","@id":"https:\/\/www.alveria.it\/#\/schema\/logo\/image\/","url":"https:\/\/www.alveria.it\/wp-content\/uploads\/2023\/12\/logo_alveria_normal.svg","contentUrl":"https:\/\/www.alveria.it\/wp-content\/uploads\/2023\/12\/logo_alveria_normal.svg","caption":"Alveria - Consulting, Training and Solutions"},"image":{"@id":"https:\/\/www.alveria.it\/#\/schema\/logo\/image\/"}}]}},"_links":{"self":[{"href":"https:\/\/www.alveria.it\/espanol\/wp-json\/wp\/v2\/pages\/16","targetHints":{"allow":["GET"]}}],"collection":[{"href":"https:\/\/www.alveria.it\/espanol\/wp-json\/wp\/v2\/pages"}],"about":[{"href":"https:\/\/www.alveria.it\/espanol\/wp-json\/wp\/v2\/types\/page"}],"author":[{"embeddable":true,"href":"https:\/\/www.alveria.it\/espanol\/wp-json\/wp\/v2\/users\/4"}],"replies":[{"embeddable":true,"href":"https:\/\/www.alveria.it\/espanol\/wp-json\/wp\/v2\/comments?post=16"}],"version-history":[{"count":3,"href":"https:\/\/www.alveria.it\/espanol\/wp-json\/wp\/v2\/pages\/16\/revisions"}],"predecessor-version":[{"id":1441,"href":"https:\/\/www.alveria.it\/espanol\/wp-json\/wp\/v2\/pages\/16\/revisions\/1441"}],"wp:featuredmedia":[{"embeddable":true,"href":"https:\/\/www.alveria.it\/espanol\/wp-json\/wp\/v2\/media\/276"}],"wp:attachment":[{"href":"https:\/\/www.alveria.it\/espanol\/wp-json\/wp\/v2\/media?parent=16"}],"curies":[{"name":"wp","href":"https:\/\/api.w.org\/{rel}","templated":true}]}}